{"id":54,"date":"2022-11-16T20:59:02","date_gmt":"2022-11-16T19:59:02","guid":{"rendered":"http:\/\/inicjatywakrasienin.pl\/?page_id=54"},"modified":"2022-11-16T21:17:29","modified_gmt":"2022-11-16T20:17:29","slug":"dane-stowarzyszenia","status":"publish","type":"page","link":"http:\/\/inicjatywakrasienin.pl\/index.php\/dane-stowarzyszenia\/","title":{"rendered":"Dane Stowarzyszenia"},"content":{"rendered":"\n<div class=\"wp-block-columns is-layout-flex wp-container-core-columns-is-layout-9d6595d7 wp-block-columns-is-layout-flex\">\n<div class=\"wp-block-column is-layout-flow wp-block-column-is-layout-flow\">\n<pre class=\"wp-block-verse\">Adres:\n\nKrasienin-Kolonia 18A \n21-025 Niemce\nwojew\u00f3dztwo lubelskie<\/pre>\n<\/div>\n\n\n\n<div class=\"wp-block-column is-layout-flow wp-block-column-is-layout-flow\">\n<pre class=\"wp-block-verse\">Telefony:\n+48500-298-911\n+48507-297-122\n\ne-mail: <\/pre>\n<\/div>\n\n\n\n<div class=\"wp-block-column is-layout-flow wp-block-column-is-layout-flow\">\n<pre class=\"wp-block-verse\" style=\"font-style:normal;font-weight:400\">KRS 0000410438\n\nNIP 713-308-33-71\n\nREGON 061389134\n\nKONTO NRB 13 8702 0001 0140 2674 2000 0010<\/pre>\n<\/div>\n<\/div>\n\n\n\n<p style=\"font-style:normal;font-weight:700\">Sekcje<\/p>\n\n\n\n<p style=\"font-style:normal;font-weight:500\">Komisja Sportu Zdrowia i Rekreacji <\/p>\n\n\n\n<p style=\"font-style:normal;font-weight:500\">Komisja Historii Tradycji i Kultury<\/p>\n\n\n\n<p style=\"font-style:normal;font-weight:500\">Komisja O\u015bwiaty i Wychowania<\/p>\n\n\n\n<p style=\"font-style:normal;font-weight:500\">Komisja Bezpiecze\u0144stwa <\/p>\n\n\n\n<p style=\"font-style:normal;font-weight:500\">Komisja Kulinarna<\/p>\n\n\n\n<p><\/p>\n\n\n\n<p style=\"font-style:normal;font-weight:700\">Nasze Osi\u0105gni\u0119cia<\/p>\n\n\n\n<figure class=\"wp-block-gallery has-nested-images columns-default is-cropped wp-block-gallery-1 is-layout-flex wp-block-gallery-is-layout-flex\">\n<figure class=\"wp-block-image size-large\"><img loading=\"lazy\" decoding=\"async\" width=\"120\" height=\"90\" data-id=\"66\" src=\"http:\/\/inicjatywakrasienin.pl\/wp-content\/uploads\/2022\/11\/1.jpg\" alt=\"\" class=\"wp-image-66\"\/><\/figure>\n\n\n\n<figure class=\"wp-block-image size-large\"><img loading=\"lazy\" decoding=\"async\" width=\"120\" height=\"90\" data-id=\"65\" src=\"http:\/\/inicjatywakrasienin.pl\/wp-content\/uploads\/2022\/11\/2.jpg\" alt=\"\" class=\"wp-image-65\"\/><\/figure>\n\n\n\n<figure class=\"wp-block-image size-large\"><img loading=\"lazy\" decoding=\"async\" width=\"120\" height=\"90\" data-id=\"67\" src=\"http:\/\/inicjatywakrasienin.pl\/wp-content\/uploads\/2022\/11\/3.jpg\" alt=\"\" class=\"wp-image-67\"\/><\/figure>\n\n\n\n<figure class=\"wp-block-image size-large\"><img loading=\"lazy\" decoding=\"async\" width=\"120\" height=\"90\" data-id=\"68\" src=\"http:\/\/inicjatywakrasienin.pl\/wp-content\/uploads\/2022\/11\/4.jpg\" alt=\"\" class=\"wp-image-68\"\/><\/figure>\n\n\n\n<figure class=\"wp-block-image size-large\"><img loading=\"lazy\" decoding=\"async\" width=\"120\" height=\"90\" data-id=\"70\" src=\"http:\/\/inicjatywakrasienin.pl\/wp-content\/uploads\/2022\/11\/5.jpg\" alt=\"\" class=\"wp-image-70\"\/><\/figure>\n\n\n\n<figure class=\"wp-block-image size-large\"><img loading=\"lazy\" decoding=\"async\" width=\"120\" height=\"90\" data-id=\"69\" src=\"http:\/\/inicjatywakrasienin.pl\/wp-content\/uploads\/2022\/11\/6.jpg\" alt=\"\" class=\"wp-image-69\"\/><\/figure>\n\n\n\n<figure class=\"wp-block-image size-large\"><img loading=\"lazy\" decoding=\"async\" width=\"120\" height=\"90\" data-id=\"71\" src=\"http:\/\/inicjatywakrasienin.pl\/wp-content\/uploads\/2022\/11\/7.jpg\" alt=\"\" class=\"wp-image-71\"\/><\/figure>\n\n\n\n<figure class=\"wp-block-image size-large\"><img loading=\"lazy\" decoding=\"async\" width=\"120\" height=\"90\" data-id=\"73\" src=\"http:\/\/inicjatywakrasienin.pl\/wp-content\/uploads\/2022\/11\/8.jpg\" alt=\"\" class=\"wp-image-73\"\/><\/figure>\n\n\n\n<figure class=\"wp-block-image size-large\"><img loading=\"lazy\" decoding=\"async\" width=\"120\" height=\"90\" data-id=\"72\" src=\"http:\/\/inicjatywakrasienin.pl\/wp-content\/uploads\/2022\/11\/9.jpg\" alt=\"\" class=\"wp-image-72\"\/><\/figure>\n\n\n\n<figure class=\"wp-block-image size-large\"><img loading=\"lazy\" decoding=\"async\" width=\"120\" height=\"90\" data-id=\"74\" src=\"http:\/\/inicjatywakrasienin.pl\/wp-content\/uploads\/2022\/11\/10.jpg\" alt=\"\" class=\"wp-image-74\"\/><\/figure>\n\n\n\n<figure class=\"wp-block-image size-large is-style-default\"><img loading=\"lazy\" decoding=\"async\" width=\"120\" height=\"90\" data-id=\"75\" src=\"http:\/\/inicjatywakrasienin.pl\/wp-content\/uploads\/2022\/11\/11.jpg\" alt=\"\" class=\"wp-image-75\"\/><\/figure>\n<\/figure>\n","protected":false},"excerpt":{"rendered":"<p>Adres: Krasienin-Kolonia 18A 21-025 Niemce wojew\u00f3dztwo lubelskie Telefony: +48500-298-911 +48507-297-122 e-mail: KRS 0000410438 NIP 713-308-33-71 REGON 061389134 KONTO NRB 13 8702 0001 0140 2674 2000 0010 Sekcje Komisja Sportu Zdrowia i Rekreacji Komisja Historii Tradycji i Kultury Komisja O\u015bwiaty i Wychowania Komisja Bezpiecze\u0144stwa Komisja Kulinarna Nasze Osi\u0105gni\u0119cia<\/p>\n","protected":false},"author":2,"featured_media":62,"parent":0,"menu_order":0,"comment_status":"closed","ping_status":"closed","template":"","meta":{"ngg_post_thumbnail":0,"footnotes":""},"class_list":["post-54","page","type-page","status-publish","has-post-thumbnail","hentry"],"_links":{"self":[{"href":"http:\/\/inicjatywakrasienin.pl\/index.php\/wp-json\/wp\/v2\/pages\/54","targetHints":{"allow":["GET"]}}],"collection":[{"href":"http:\/\/inicjatywakrasienin.pl\/index.php\/wp-json\/wp\/v2\/pages"}],"about":[{"href":"http:\/\/inicjatywakrasienin.pl\/index.php\/wp-json\/wp\/v2\/types\/page"}],"author":[{"embeddable":true,"href":"http:\/\/inicjatywakrasienin.pl\/index.php\/wp-json\/wp\/v2\/users\/2"}],"replies":[{"embeddable":true,"href":"http:\/\/inicjatywakrasienin.pl\/index.php\/wp-json\/wp\/v2\/comments?post=54"}],"version-history":[{"count":4,"href":"http:\/\/inicjatywakrasienin.pl\/index.php\/wp-json\/wp\/v2\/pages\/54\/revisions"}],"predecessor-version":[{"id":77,"href":"http:\/\/inicjatywakrasienin.pl\/index.php\/wp-json\/wp\/v2\/pages\/54\/revisions\/77"}],"wp:featuredmedia":[{"embeddable":true,"href":"http:\/\/inicjatywakrasienin.pl\/index.php\/wp-json\/wp\/v2\/media\/62"}],"wp:attachment":[{"href":"http:\/\/inicjatywakrasienin.pl\/index.php\/wp-json\/wp\/v2\/media?parent=54"}],"curies":[{"name":"wp","href":"https:\/\/api.w.org\/{rel}","templated":true}]}}