{"id":26,"date":"2022-11-09T19:22:12","date_gmt":"2022-11-09T18:22:12","guid":{"rendered":"http:\/\/inicjatywakrasienin.pl\/?page_id=26"},"modified":"2022-11-16T20:50:26","modified_gmt":"2022-11-16T19:50:26","slug":"patronka","status":"publish","type":"page","link":"http:\/\/inicjatywakrasienin.pl\/index.php\/patronka\/","title":{"rendered":"Patronka"},"content":{"rendered":"\n<p><\/p>\n\n\n\n<div class=\"wp-block-columns is-layout-flex wp-container-core-columns-is-layout-9d6595d7 wp-block-columns-is-layout-flex\">\n<div class=\"wp-block-column is-layout-flow wp-block-column-is-layout-flow\" style=\"flex-basis:100%\">\n<p class=\"has-text-align-center has-background\" style=\"background-color:#fcb9000f;font-style:normal;font-weight:300\">Jej imi\u0119 nosz\u0105: szko\u0142a podstawowa i za\u0142o\u017cone 2012 roku Stowarzyszenie Spo\u0142eczna Inicjatywa Krasienina i okolic, trwa procedura nadania imienia I. Kosmowskiej dla Gimnazjum nr 3.<\/p>\n\n\n\n<p class=\"has-text-align-center has-background\" style=\"background-color:#fcb90012;font-style:normal;font-weight:300\">                               <img loading=\"lazy\" decoding=\"async\" width=\"170\" height=\"228\" class=\"wp-image-41\" style=\"width: 170px;\" src=\"http:\/\/inicjatywakrasienin.pl\/wp-content\/uploads\/2022\/11\/ik1-1.jpg\" alt=\"\" srcset=\"http:\/\/inicjatywakrasienin.pl\/wp-content\/uploads\/2022\/11\/ik1-1.jpg 262w, http:\/\/inicjatywakrasienin.pl\/wp-content\/uploads\/2022\/11\/ik1-1-224x300.jpg 224w\" sizes=\"auto, (max-width: 170px) 100vw, 170px\" \/><\/p>\n\n\n\n<pre class=\"wp-block-verse has-background\" style=\"background-color:#fcb90012;font-style:normal;font-weight:300\">             Irena Kosmowska pedagog, dzia\u0142aczka ruchu ludowego, pos\u0142anka jest postaci\u0105 blisk\u0105 mieszka\u0144com Krasienina, z kt\u00f3rym zwi\u0105za\u0142a cz\u0119\u015b\u0107 swojego \u017cycia. Niniejszy artyku\u0142 chc\u0119 po\u015bwi\u0119ci\u0107 dzia\u0142alno\u015bci o\u015bwiatowej. Na Kongresie Pedagogicznym we Lwowie, kt\u00f3ry odby\u0142 si\u0119 w 1909 roku, Irena Kosmowska wyg\u0142osi\u0142a referat \"Szko\u0142y gospodarcze dla dziewcz\u0105t wiejskich\", w kt\u00f3rym podkre\u015bla\u0142a konieczno\u015b\u0107 podj\u0119cia wysi\u0142k\u00f3w dla o\u015bwiaty na wsi, w tym podniesienie poziomu \u017cycia kobiet wiejskich, mi\u0119dzy innymi poprzez nauk\u0119 w szko\u0142ach gospodarczych. Plac\u00f3wki te uwzgl\u0119dnia\u0142y dzia\u0142y zwi\u0105zane z p\u00f3\u017aniejsz\u0105 prac\u0105 gospody\u0144 wiejskich: gotowanie, robienie zapas\u00f3w, mleczarstwo, pasiek\u0119, szycie. Do programu wychowania Irena Kosmowska w\u0142\u0105czy\u0142a tak\u017ce czytelnictwo, \u015bpiew, przedstawienia i wycieczki. Du\u017ce znaczenie przypisywa\u0142a wp\u0142ywowi wychowawc\u00f3w i \u017cyciu w internacie. Pragn\u0119\u0142a zrealizowa\u0107 wizj\u0119 szko\u0142y \u017cycia, w kt\u00f3rej nauka nie jest celem, lecz \u015brodkiem, \"wizj\u0119 szko\u0142y poczciwo\u015bci i cnoty\". <\/pre>\n\n\n\n<pre class=\"wp-block-verse has-background\" style=\"background-color:#fcb90012;font-style:normal;font-weight:300\">Postanowi\u0142a, \u017ce szko\u0142a znajdowa\u0107 si\u0119 b\u0119dzie na Lubelszczy\u017anie, z uporem gromadzi\u0142a fundusze na zakup gospodarstwa. Po d\u0142ugich poszukiwaniach komitet organizacyjny, kt\u00f3ry zawi\u0105za\u0142 si\u0119 w Lublinie, zakupi\u0142 dom mieszkalny, zabudowania gospodarcze i 7 hektar\u00f3w ziemi ornej w Krasieninie. W grudniu 1912 roku gubernator lubelski wyda\u0142 zezwolenie na otwarcie szko\u0142y, a w styczniu przyby\u0142y pierwsze uczennice maj\u0105ce elementarne braki w wykszta\u0142ceniu. W sytuacjach trudnych, dotycz\u0105cych spraw materialnych b\u0105d\u017a personalnych, wzywana by\u0142a za\u0142o\u017cycielka plac\u00f3wki, kt\u00f3ra natychmiast przyje\u017cd\u017ca\u0142a z Warszawy, by zdoby\u0107 pieni\u0105dze, \u0142agodzi\u0107 nieporozumienia, prowadzi\u0107 lekcje, organizowa\u0107 pogadanki, wieczornice. Zar\u00f3wno uczennice jak i nauczycielki bardzo ciep\u0142o wspominaj\u0105 Iren\u0119 Kosmowsk\u0105, mi\u0119dzy innymi H. Dul\u0119bina: \"Cz\u0119sto przebywa w szkole, jest jej dusz\u0105 i s\u0142o\u0144cem rozwija umys\u0142y i serca m\u0142odych dusz, wskazuje im nowe drogi \u017cycia, tote\u017c kochaj\u0105 t\u0119 swoj\u0105 najdro\u017csz\u0105 wychowawczyni\u0119.\" A Krasienin to jedna z najpi\u0119kniejszych kart dzia\u0142alno\u015bci wychowawczej Kosmowskiej. Ze szko\u0142\u0105 w Krasieninie zwi\u0105zana by\u0142a prawie do ko\u0144ca \u017cycia, uwa\u017ca\u0142a j\u0105 za jedno z najwa\u017cniejszych swoich dzie\u0142.<\/pre>\n\n\n\n<p class=\"has-text-align-right has-background\" style=\"background-color:#fcb90012\"><em><strong>Stanis\u0142aw Zgierski<\/strong><\/em><\/p>\n\n\n\n<p class=\"has-background\" style=\"background-color:#fcb90012;font-style:normal;font-weight:300\">P.S W artykule wykorzysta\u0142em materia\u0142 zgromadzony przez nauczycielki Zespo\u0142u Szk\u00f3\u0142 w Krasieninie Panie: El\u017cbiet\u0119 Fim i Miros\u0142aw\u0119 Szubiel\u0119. Dzi\u0119kuj\u0119.<\/p>\n\n\n\n<figure class=\"wp-block-gallery has-nested-images columns-default is-cropped wp-block-gallery-1 is-layout-flex wp-block-gallery-is-layout-flex\">\n<figure class=\"wp-block-image size-large\"><img loading=\"lazy\" decoding=\"async\" width=\"250\" height=\"224\" data-id=\"30\" src=\"http:\/\/inicjatywakrasienin.pl\/wp-content\/uploads\/2022\/11\/ik2.jpg\" alt=\"\" class=\"wp-image-30\"\/><\/figure>\n\n\n\n<figure class=\"wp-block-image size-large\"><img loading=\"lazy\" decoding=\"async\" width=\"275\" height=\"183\" data-id=\"31\" src=\"http:\/\/inicjatywakrasienin.pl\/wp-content\/uploads\/2022\/11\/ik4.jpg\" alt=\"\" class=\"wp-image-31\"\/><\/figure>\n<\/figure>\n<\/div>\n<\/div>\n","protected":false},"excerpt":{"rendered":"<p>Jej imi\u0119 nosz\u0105: szko\u0142a podstawowa i za\u0142o\u017cone 2012 roku Stowarzyszenie Spo\u0142eczna Inicjatywa Krasienina i okolic, trwa procedura nadania imienia I. Kosmowskiej dla Gimnazjum nr 3. Irena Kosmowska pedagog, dzia\u0142aczka ruchu ludowego, pos\u0142anka jest postaci\u0105 blisk\u0105 mieszka\u0144com Krasienina, z kt\u00f3rym zwi\u0105za\u0142a cz\u0119\u015b\u0107 swojego \u017cycia. Niniejszy artyku\u0142 chc\u0119 po\u015bwi\u0119ci\u0107 dzia\u0142alno\u015bci o\u015bwiatowej. Na Kongresie Pedagogicznym we Lwowie, kt\u00f3ry odby\u0142 si\u0119 w 1909 roku, Irena Kosmowska wyg\u0142osi\u0142a referat &#8222;Szko\u0142y gospodarcze dla dziewcz\u0105t wiejskich&#8221;, w kt\u00f3rym podkre\u015bla\u0142a konieczno\u015b\u0107 podj\u0119cia wysi\u0142k\u00f3w&hellip; <\/p>\n","protected":false},"author":1,"featured_media":0,"parent":0,"menu_order":0,"comment_status":"closed","ping_status":"closed","template":"","meta":{"ngg_post_thumbnail":0,"footnotes":""},"class_list":["post-26","page","type-page","status-publish","hentry"],"_links":{"self":[{"href":"http:\/\/inicjatywakrasienin.pl\/index.php\/wp-json\/wp\/v2\/pages\/26","targetHints":{"allow":["GET"]}}],"collection":[{"href":"http:\/\/inicjatywakrasienin.pl\/index.php\/wp-json\/wp\/v2\/pages"}],"about":[{"href":"http:\/\/inicjatywakrasienin.pl\/index.php\/wp-json\/wp\/v2\/types\/page"}],"author":[{"embeddable":true,"href":"http:\/\/inicjatywakrasienin.pl\/index.php\/wp-json\/wp\/v2\/users\/1"}],"replies":[{"embeddable":true,"href":"http:\/\/inicjatywakrasienin.pl\/index.php\/wp-json\/wp\/v2\/comments?post=26"}],"version-history":[{"count":10,"href":"http:\/\/inicjatywakrasienin.pl\/index.php\/wp-json\/wp\/v2\/pages\/26\/revisions"}],"predecessor-version":[{"id":51,"href":"http:\/\/inicjatywakrasienin.pl\/index.php\/wp-json\/wp\/v2\/pages\/26\/revisions\/51"}],"wp:attachment":[{"href":"http:\/\/inicjatywakrasienin.pl\/index.php\/wp-json\/wp\/v2\/media?parent=26"}],"curies":[{"name":"wp","href":"https:\/\/api.w.org\/{rel}","templated":true}]}}

<p></p>



<div class="wp-block-columns is-layout-flex wp-container-core-columns-is-layout-9d6595d7 wp-block-columns-is-layout-flex">
<div class="wp-block-column is-layout-flow wp-block-column-is-layout-flow" style="flex-basis:100%">
<p class="has-text-align-center has-background" style="background-color:#fcb9000f;font-style:normal;font-weight:300">Jej imię noszą: szkoła podstawowa i założone 2012 roku Stowarzyszenie Społeczna Inicjatywa Krasienina i okolic, trwa procedura nadania imienia I. Kosmowskiej dla Gimnazjum nr 3.</p>



<p class="has-text-align-center has-background" style="background-color:#fcb90012;font-style:normal;font-weight:300">                               <img loading="lazy" decoding="async" width="170" height="228" class="wp-image-41" style="width: 170px;" src="http://inicjatywakrasienin.pl/wp-content/uploads/2022/11/ik1-1.jpg" alt="" srcset="http://inicjatywakrasienin.pl/wp-content/uploads/2022/11/ik1-1.jpg 262w, http://inicjatywakrasienin.pl/wp-content/uploads/2022/11/ik1-1-224x300.jpg 224w" sizes="auto, (max-width: 170px) 100vw, 170px" /></p>



<pre class="wp-block-verse has-background" style="background-color:#fcb90012;font-style:normal;font-weight:300">             Irena Kosmowska pedagog, działaczka ruchu ludowego, posłanka jest postacią bliską mieszkańcom Krasienina, z którym związała część swojego życia. Niniejszy artykuł chcę poświęcić działalności oświatowej. Na Kongresie Pedagogicznym we Lwowie, który odbył się w 1909 roku, Irena Kosmowska wygłosiła referat "Szkoły gospodarcze dla dziewcząt wiejskich", w którym podkreślała konieczność podjęcia wysiłków dla oświaty na wsi, w tym podniesienie poziomu życia kobiet wiejskich, między innymi poprzez naukę w szkołach gospodarczych. Placówki te uwzględniały działy związane z późniejszą pracą gospodyń wiejskich: gotowanie, robienie zapasów, mleczarstwo, pasiekę, szycie. Do programu wychowania Irena Kosmowska włączyła także czytelnictwo, śpiew, przedstawienia i wycieczki. Duże znaczenie przypisywała wpływowi wychowawców i życiu w internacie. Pragnęła zrealizować wizję szkoły życia, w której nauka nie jest celem, lecz środkiem, "wizję szkoły poczciwości i cnoty". </pre>



<pre class="wp-block-verse has-background" style="background-color:#fcb90012;font-style:normal;font-weight:300">Postanowiła, że szkoła znajdować się będzie na Lubelszczyźnie, z uporem gromadziła fundusze na zakup gospodarstwa. Po długich poszukiwaniach komitet organizacyjny, który zawiązał się w Lublinie, zakupił dom mieszkalny, zabudowania gospodarcze i 7 hektarów ziemi ornej w Krasieninie. W grudniu 1912 roku gubernator lubelski wydał zezwolenie na otwarcie szkoły, a w styczniu przybyły pierwsze uczennice mające elementarne braki w wykształceniu. W sytuacjach trudnych, dotyczących spraw materialnych bądź personalnych, wzywana była założycielka placówki, która natychmiast przyjeżdżała z Warszawy, by zdobyć pieniądze, łagodzić nieporozumienia, prowadzić lekcje, organizować pogadanki, wieczornice. Zarówno uczennice jak i nauczycielki bardzo ciepło wspominają Irenę Kosmowską, między innymi H. Dulębina: "Często przebywa w szkole, jest jej duszą i słońcem rozwija umysły i serca młodych dusz, wskazuje im nowe drogi życia, toteż kochają tę swoją najdroższą wychowawczynię." A Krasienin to jedna z najpiękniejszych kart działalności wychowawczej Kosmowskiej. Ze szkołą w Krasieninie związana była prawie do końca życia, uważała ją za jedno z najważniejszych swoich dzieł.</pre>



<p class="has-text-align-right has-background" style="background-color:#fcb90012"><em><strong>Stanisław Zgierski</strong></em></p>



<p class="has-background" style="background-color:#fcb90012;font-style:normal;font-weight:300">P.S W artykule wykorzystałem materiał zgromadzony przez nauczycielki Zespołu Szkół w Krasieninie Panie: Elżbietę Fim i Mirosławę Szubielę. Dziękuję.</p>



<figure class="wp-block-gallery has-nested-images columns-default is-cropped wp-block-gallery-1 is-layout-flex wp-block-gallery-is-layout-flex">
<figure class="wp-block-image size-large"><img loading="lazy" decoding="async" width="250" height="224" data-id="30" src="http://inicjatywakrasienin.pl/wp-content/uploads/2022/11/ik2.jpg" alt="" class="wp-image-30"/></figure>



<figure class="wp-block-image size-large"><img loading="lazy" decoding="async" width="275" height="183" data-id="31" src="http://inicjatywakrasienin.pl/wp-content/uploads/2022/11/ik4.jpg" alt="" class="wp-image-31"/></figure>
</figure>
</div>
</div>

<p>Jej imię noszą: szkoła podstawowa i założone 2012 roku Stowarzyszenie Społeczna Inicjatywa Krasienina i okolic, trwa procedura nadania imienia I. Kosmowskiej dla Gimnazjum nr 3. Irena Kosmowska pedagog, działaczka ruchu ludowego, posłanka jest postacią bliską mieszkańcom Krasienina, z którym związała część swojego życia. Niniejszy artykuł chcę poświęcić działalności oświatowej. Na Kongresie Pedagogicznym we Lwowie, który odbył się w 1909 roku, Irena Kosmowska wygłosiła referat &#8222;Szkoły gospodarcze dla dziewcząt wiejskich&#8221;, w którym podkreślała konieczność podjęcia wysiłków&hellip; </p>
